t is the remainder when 67 is divided by g?
16
Calculate the remainder when 94 is divided by 69/6*((-20)/(-55) - 168/(-22)).
2
What is the remainder when (-38052)/(-24)*(-494)/(-39) is divided by 13?
11
Let o = -1822 + 1851. What is the remainder when -15 + 11 - (-106)/1 is divided by o?
15
Suppose 38 = 2*s - 2*g - 20, 0 = 4*s + 4*g - 124. What is the remainder when 3028 is divided by s?
28
Let j(m) = 5*m**2 - 382*m - 131. What is the remainder when 992 is divided by j(77)?
92
Let n be 6 - (-36 + -6)/2. Suppose -n*s - 104 + 509 = 0. Suppose -l + 0*l = -5. What is the remainder when s is divided by l?
0
Suppose 7*d - 94517 = -61*d - 17745. Calculate the remainder when d is divided by 94.
1
Let k be (-538 - 2)*(-22)/55. Suppose -10*s = -6*s - k. What is the remainder when s is divided by 19?
16
Let b = -115 - -130. Suppose 2*z - 4*s = 38, b*s - 35 = -2*z + 18*s. What is the remainder when 48 is divided by z?
9
Let k(r) = r**2 - 24*r + 20. Let a(o) = o**2 - 47*o + 39. Let b(v) = 3*a(v) - 5*k(v). Calculate the remainder when b(-11) is divided by 2.
0
Calculate the remainder when 11277 is divided by (-962)/(-8) + 33 + 3458/(-104).
117
Let u be 8*48/72*21/(-4). Suppose -4 + 6 = -d. What is the remainder when (d/7)/1 + (-1380)/u is divided by 13?
10
Suppose 220*q - 1836 = 75*q + 2804. Let v = 18 + -6. Calculate the remainder when q is divided by v.
8
Let c = -1 - -24. Let j(o) = 4*o**3 - 22*o**2 + 2*o - 71. Calculate the remainder when c is divided by j(6).
10
What is the remainder when 3465 is divided by -3 - 45/(-3)*450/125?
48
Suppose 4*n = 5*n - 63. Calculate the remainder when 10 is divided by (4/(-9))/((-7)/n).
2
Let c be (-23 + 0)*((-24)/4 - -7). Let y = -21 - c. Suppose 0 = 2*d - y*v - 58, -3*d = 5*v - 106 + 11. Calculate the remainder when d is divided by 18.
12
Suppose y + 0*y = -4*k + 3295, 3*y + 840 = k. Calculate the remainder when k is divided by 38.
27
Calculate the remainder when (4 - -7 - (-108)/(-18)) + 496 + 1 is divided by 182.
138
Let p(i) = -8*i - 131. Let y = -262 - -240. What is the remainder when p(y) is divided by 34?
11
Let o(f) = -4*f**2 + 33*f + 12. Let v(z) = z**3 + 7*z**2 - 14*z - 10. Calculate the remainder when v(-8) is divided by o(8).
18
Suppose 24*o - 18*o - 2268 = 0. Let q = -203 + o. What is the remainder when q is divided by 16?
15
Let v be (-1*(-4 - -10))/(2/(-21)). Suppose v = -p - 6*p. Calculate the remainder when (-966)/(-9) + (-6)/p is divided by 5.
3
Let s(n) = n**3 + 7*n**2 - 5. Let o = -666 - -711. What is the remainder when o is divided by s(-6)?
14
Suppose 0 = 8*n - 11*n + 3894. Suppose -236 = -n*m + 1297*m. Calculate the remainder when m is divided by 77.
5
Let b(x) = -x**2 - 3*x + 109. Let s be b(7). Suppose 0 = -s*u + 554 + 499. What is the remainder when 37 is divided by u?
10
Suppose 53 + 102 = -3*z - 4*w, -2*w - 190 = 4*z. Let a = 48 + z. Let y = 125 + -85. Calculate the remainder when y is divided by a.
1
Suppose 0 = -6*q + 5*q + 2, 3*d - 340 = 4*q. Suppose 14*j - d = 66. Calculate the remainder when 309 is divided by j.
10
Let m = -20028 - -21138. Calculate the remainder when m is divided by 81.
57
Suppose 17 - 1501 = -5*i - 2*a, -3*a = -6. What is the remainder when i is divided by 7?
2
Let h(r) = -5*r**2 - 2*r + 3. Let k be h(1). Let j be (-14)/56 - 13/k. What is the remainder when j/2*(6 - (4 - 0)) is divided by 2?
1
Let q(k) = -k**3 - 9*k**2 - 9*k + 4. Let i be q(-8). Suppose i = w + 4. Suppose 127 = w*p + 23. Calculate the remainder when 63 is divided by p.
11
Let o = -1776 - -2914. What is the remainder when o is divided by 15?
13
Suppose -22456 = -56*k + 8736. Calculate the remainder when k is divided by 64.
45
Let w be (-13 - -14) + 26/2. Suppose 0*z + 140 = w*z. What is the remainder when 93 is divided by z?
3
Let l(a) = -a**3 - 20*a**2 - 24*a - 21. Let y be l(-19). Suppose 34 = r - 4*o + o, -5*o + y = 3*r. What is the remainder when r is divided by 11?
6
Calculate the remainder when 916 is divided by (-7 - 2) + 10 + (14 - -77).
88
Calculate the remainder when 5/10*(-6 - -2) + 500 is divided by 5.
3
Let x(j) = 9*j + 277. Let k be x(0). Let d = k + -104. What is the remainder when d is divided by 35?
33
Suppose 72*o - 89*o + 833 = 0. Calculate the remainder when 297 is divided by o.
3
Suppose -3239 + 14319 = 40*j. Calculate the remainder when j is divided by 114.
49
Let k(m) = -133*m + 1. Calculate the remainder when k(-1) is divided by (1 + (23 - 4))/(152/114).
14
Let w = 1455 + -1400. What is the remainder when 174 is divided by w?
9
Let q be (-7)/(-21)*-14*(-6)/(-4). Let m = 11 + q. Calculate the remainder when 18 is divided by m.
2
Let c(x) = 3*x**2 + 2*x - 11. Suppose 0 = -3*k - 11 - 7. Let y = 7 - -22. Calculate the remainder when c(k) is divided by y.
27
Suppose 712 = 11*q - 982. What is the remainder when q is divided by 76?
2
Suppose -16*y + 4 = -14*y. Suppose -130 = -5*j + p, 0 = -j - y*j + 4*p + 78. What is the remainder when 101 is divided by j?
23
Suppose -80 + 330 = 5*b. Suppose 5*k + 2*o = 75, k - o - 2283 = -2268. What is the remainder when b is divided by k?
5
Suppose 2 = f + 4*j, -5*f - 6 = -0*f + 4*j. Let p be 6 - (1 + 0 - f). Suppose -p*l = -297 - 120. Calculate the remainder when l is divided by 28.
27
Let b(i) = 74*i**3 + 3*i**2 - 2*i - 2. Suppose 2*d + 2*v - 3 = -9, -4*d - 5*v = 14. Calculate the remainder when b(1) is divided by 23 - (-1 + d + -1).
21
Suppose 3*q - 15 = -3*g, -2*q = -5*g + 2*g + 5. Suppose 0 = q*z - 53 - 21. What is the remainder when z is divided by 6?
1
Let j = -2950 - -3167. What is the remainder when j is divided by 64?
25
Suppose -273*k + 71 = 4*d - 268*k, -5*k = 5. Calculate the remainder when 30513 is divided by d.
18
What is the remainder when (-25)/20 - (-3)/4 - 2358/(-4) is divided by 148?
145
Let l = 316 + -68. Let f(y) = -5587*y - 5562. Calculate the remainder when l is divided by f(-1).
23
Let w = 3643 - 3483. Calculate the remainder when w is divided by 22.
6
Let b = 522 + -510. Calculate the remainder when b is divided by 24*5*4/40.
0
Calculate the remainder when 184 is divided by 27/(-6)*(-29 + 11 - 4).
85
Let m = 28 - 28. Suppose -l - 3*c + 71 = 0, 3*l - 2*l - c - 87 = m. What is the remainder when l is divided by 17?
15
Let h(f) = 6 - f**2 - f**3 + f + 6 + 14 - 17. What is the remainder when 35 is divided by h(0)?
8
Suppose -27*b = -23*b - 4*i - 136, -4*b = 5*i - 136. What is the remainder when 296 is divided by b?
24
Let n(y) = 37*y**2 + 57. What is the remainder when n(7) is divided by 232?
14
Let d = -194 - -201. Suppose 4*u = 2*t + 170, 5*u - d - 243 = -5*t. Calculate the remainder when u is divided by 4.
1
Let v(f) = -f**2 + 93*f - 751. What is the remainder when 103 is divided by v(10)?
24
Let s = -329 + 232. Let g = -92 - s. Suppose -3*f - 4 = -f, g*p - 3*f = 16. What is the remainder when 11 is divided by p?
1
Suppose 4*k = 126 - 94. Suppose 4*v - 4 = -2*g, 0*v - k = -2*g - 2*v. Calculate the remainder when 33 is divided by g.
3
Let n = 17 + -2. Suppose d = 5*w - 166, -4*w = -d + 4*d - 129. Suppose -w + 7 = -l. What is the remainder when l is divided by n?
11
Suppose 0 = -5*s + 14*x - 17*x + 1114, -2*x + 669 = 3*s. Calculate the remainder when s is divided by 127.
94
Let z(j) = 7*j**2 + 603*j - 4774. What is the remainder when z(8) is divided by 409?
89
Let m = -37 + -462. Let s = m - -509. Let z(j) = j**3 + 5*j**2 - 4*j - 2. Calculate the remainder when z(-3) is divided by s.
8
Suppose -181*x + 197*x = 80. Suppose -5*p - x*v = 426 - 1321, 5*v = 3*p - 521. What is the remainder when p is divided by 30?
27
Suppose -f = -7 - 5. Let q = -650 + 670. What is the remainder when q is divided by f?
8
What is the remainder when 140/(-35) - (-1 - 185)*2 is divided by 120?
8
Suppose v = 4*v - 6. Let b(z) = 7 - 1 + 3 - 10 + 6*z**v + 3*z. What is the remainder when b(3) is divided by 21?
20
What is the remainder when 382 is divided by ((-8)/20)/(16/(-440))?
8
Let b = -10 - -28. Suppose 3*d - 15 = 0, 23*s - 22*s = 5*d + 42. What is the remainder when s is divided by b?
13
Let t be 1*(0 - (-14)/(-4))*-2. Suppose -t*g - 64 = -23*g. What is the remainder when 30 is divided by g?
2
Let x = 80 - 69. Suppose -x*a + 65 = -6*a. What is the remainder when 20 is divided by a?
7
Let j be -12*(-64)/24 + 0 + -2. Suppose 4*g + 3*a + j = 161, 2